se -q - 6 = -2*u, 3*u - 37 = 4*q - f. Let t = 22 + q. List the prime factors of t.
2, 3
Let o(c) = -4*c - 2 + 3*c - c**2 + 0 - 5*c. What are the prime factors of o(-3)?
7
Let z(l) = l**3 + 7*l**2 - 8*l + 5. List the prime factors of z(-8).
5
Suppose z - 4 = 2. Let o = 11 - z. List the prime factors of o.
5
List the prime factors of (-6 - -108) + 2*-1.
2, 5
Let c = 9 - 5. Suppose 0 = -w - 5*r + 45, -w + 13 = -r - 14. Suppose -w - 18 = -c*d. List the prime factors of d.
2, 3
Suppose 28 = -8*c + 1748. List the prime factors of c.
5, 43
Suppose 8*g + 366 = 14*g. What are the prime factors of g?
61
Let s = -7 - -3. List the prime factors of 2/s*2 - -5.
2
Suppose -5*o - 6 = -1. Let n = 3 + -12. Let y = o - n. List the prime factors of y.
2
Let f = -17 - 4. Let i be 2*3/f*-7. Suppose -6*k + i*k = -68. What are the prime factors of k?
17
Suppose 0 = 4*f - 3*t - 4, 3*f - 6*f = 3*t - 24. Let u(d) = 5*d + 2*d**2 - 3*d**2 + 0*d. List the prime factors of u(f).
2
Suppose 0 = -a + 2*a + 10. What are the prime factors of 1/(-5) + (-332)/a?
3, 11
Let a be 12/(-14)*(19 + -12). Let f be ((-58)/3)/(2/(-6)). What are the prime factors of -3*(f/a + 3)?
2, 5
Let i(x) = -2*x - 7. Let u be i(-5). Suppose -5*k = -7 - u. What are the prime factors of (-2 + 3)*(0 + k)?
2
Let f(x) = 5*x - 2. Let h be f(2). Let b(w) = -w**3 + 7*w**2 + 11*w - 10. List the prime factors of b(h).
2, 7
Let s = 289 - 204. Suppose 7*d - s = 2*d. Suppose -2*x + 21 = -d. List the prime factors of x.
19
Suppose a + 26 = -19. Let b = -29 - a. List the prime factors of b.
2
Suppose -5*c + 3*c + 56 = 0. List the prime factors of ((-24)/c)/(2/(-14)).
2, 3
Let a be 0/3 - (-48)/(-2). List the prime factors of (1 + 1)/((-8)/a).
2, 3
Let i(k) = 3*k**2 - k - 4. Let v be i(-3). Let r = -31 + 13. Let o = r + v. What are the prime factors of o?
2
Suppose 0*j - 3 = 3*j. Let d be 3/(-2)*(j - 1). What are the prime factors of (-117)/(-6)*2/d?
13
Let q(p) = p**2 + 11*p - 10. Let d be q(-13). Let h be (-6)/15 + (-244)/(-10). Let l = h - d. List the prime factors of l.
2
Let r = -56 - -32. Let v be r/9*126/(-8). Suppose -v = -2*j + 2*b, 5*j - b - 49 - 40 = 0. List the prime factors of j.
17
Suppose -8 = 4*m, 3*u = 8*u - 5*m - 20. Suppose u*t = 3*f - 2*f - 10, 0 = f - t - 10. Let a = -3 + f. What are the prime factors of a?
7
Let s = -4 + 8. Suppose 0 = -s*i + 3*v + 69, -48 = -3*i - v + 7. Let z = -9 + i. What are the prime factors of z?
3
Let t = -4 - -8. Let i be (-21)/(-9) + (-2)/(-3). Suppose i*q + 4*r = 27, -t*q - 2*r = 2*r - 36. What are the prime factors of q?
3
Let h be 6 + -3 + 4 + -2. What are the prime factors of (-150)/5*(-6)/h?
2, 3
Let z(n) = -5*n - 1. Let m be z(-1). Suppose -m*a - 1 = 11. List the prime factors of 10 + (-1 - a) - 2.
2, 5
Suppose 0*w + 5*l = 2*w - 55, 3*w = -3*l + 135. List the prime factors of w.
2, 5
Suppose -4 = -0*j - 4*j. Let u(k) = 3*k - 1. Let a be u(j). Suppose a*g - s = -2*s + 13, -5*g + s + 29 = 0. What are the prime factors of g?
2, 3
Let f = 9 - 6. Suppose 0*h = -f*h - 3. List the prime factors of 3 + -2 - 1/h.
2
Let q = 7 + -5. List the prime factors of 6*(q + 6/(-9)).
2
Let o(k) = k**3 - 3*k**2 - 5*k + 1. Let g be o(4). Let m(b) = b**3 + 3*b**2 - 4*b + 1. List the prime factors of m(g).
13
Let p = 258 + -82. What are the prime factors of p?
2, 11
Let z be (-16)/(-5)*40/16. Let q = z + -5. Let n(u) = 2*u + 1. What are the prime factors of n(q)?
7
Let n = -3 + -4. Let l = 9 + n. Suppose 0 = -3*b + l*h + 21, -4*b - 2*h = -h - 17. What are the prime factors of b?
5
Suppose -5 = -3*x + 2*x + c, 15 = -5*c. Suppose -b + 3 + 4 = 2*v, 2*b + x*v - 16 = 0. List the prime factors of b.
3
Let k be (-12)/10 + 2/10. Let b = k + 7. Suppose -5*s + 2*w = -53, b*w - 3*w = 4*s - 41. What are the prime factors of s?
11
Suppose 8*x - 10*x = -6. List the prime factors of x.
3
Let d(u) = -3*u + 1. List the prime factors of d(-7).
2, 11
Let q(j) = -21*j + 11. Let s(r) = 7*r - 4. Let b(z) = 3*q(z) + 8*s(z). What are the prime factors of b(-4)?
29
Let f = -2 - 2. Let p = -2 - f. List the prime factors of p.
2
Let v = 4 + -2. Suppose 4*q - 5*x = 3*q + 36, v*x = -8. List the prime factors of q.
2
Let f = -23 + -62. Let a = 151 + f. Suppose 5*t - 2*t + 3*s = a, 4*t = 5*s + 43. List the prime factors of t.
17
Suppose 2*b - 4*m + 8 = -0*m, -3*b + 3 = -3*m. Let k(p) = 8*p - 5. List the prime factors of k(b).
43
List the prime factors of (-3)/((-3)/122) - 1.
11
Suppose -5*m + 69 = 4. What are the prime factors of m?
13
What are the prime factors of (-968)/(-55) + -2*(-6)/(-20)?
17
Suppose 2*h = 82 - 24. Let v be h*(-2 + 5)/(-3). What are the prime factors of v/(-4) + 1/(-4)?
7
Let v(y) = 2*y**2 - 5*y + 3. Let u = -8 + 12. Suppose -u = -m + 3*k, -5*k = -4*m + 22 - 6. List the prime factors of v(m).
3, 5
Let t(s) = -s**2 + s - 1. Let c be t(1). List the prime factors of 10/(-6)*(-4 - c).
5
Let t(b) = b**3 - b + 656. Let s be t(0). What are the prime factors of s/36 - 2/9?
2, 3
Let x be ((-9)/(-6) - 0)*2. Let r(g) = g**3 + 2*g**2 - g + 1. Let k be r(x). Let n = k - 29. What are the prime factors of n?
2, 7
Let m(p) = -14*p - 1. Suppose q + d - 3 = 2*q, -2*q - 3*d + 14 = 0. Let v be m(q). What are the prime factors of (6/v)/(2/(-20))?
2
Let z be 3/6*-2*-2. Let q(f) = 6*f**z + 10*f + 0*f + f**3 + 7*f**2 - 16. List the prime factors of q(-12).
2
Suppose 138 = -3*p - 5*u, 0*p - p - 48 = u. Let a = 75 + p. What are the prime factors of a?
2, 3
Suppose -b + 1 + 8 = 2*f, 2*f - 6 = 2*b. Suppose f = 5*y - 16. What are the prime factors of y?
2
Let z(f) = 2*f - 5. Let b be z(5). Suppose 0 = 5*q - 0*x + b*x + 5, 0 = -2*q + 5*x - 2. List the prime factors of q/((-6)/(-4) - 2).
2
Suppose 4*c + 6 = 22. Let h be 1/4 + (-62)/(-8). Let j = h - c. List the prime factors of j.
2
Let t = 44 + -12. What are the prime factors of t?
2
Suppose t = 2 - 0. Let b be t/((-1 - -4) + -1). List the prime factors of b + -1 - 2*-3.
2, 3
Let j(n) = -4*n - 8. Let o = -12 - -2. What are the prime factors of j(o)?
2
Let u(x) = -2*x - 6. Let s(g) = g**3 + 9*g**2 + g + 3. Let o be s(-9). Let h be o/((-4)/((-48)/9)). What are the prime factors of u(h)?
2, 5
Suppose -8*b + 544 = -4*b. What are the prime factors of b?
2, 17
Suppose -2*a - 101 = -5*j + 30, 4*j = -2*a + 94. What are the prime factors of j?
5
Suppose -4*i + 164 = -4*y, -4*i = -0*i + 4*y - 156. List the prime factors of i.
2, 5
Let x be 69/21 + (-2)/7. Suppose 2*i = 3*g + 19, -x*i + 19 = 4. What are the prime factors of (2/3)/((-1)/g)?
2
Let m(b) = b**3 + b**2 + b - 1. Let k be m(1). Suppose -41 = -2*v + g + 5, k*g + 114 = 5*v. Suppose -3*y + v = -y. List the prime factors of y.
11
Let i = -19 + 22. Suppose -5*f + 25 = 4*p, -3*p + i = 3*f - f. What are the prime factors of f?
3
Let b(r) be the first derivative of r**5/30 + r**4/8 + r**3/3 - r**2/2 + 3. Let y(a) be the second derivative of b(a). List the prime factors of y(-2).
2
Let t(z) = -2*z. Let r be t(-1). What are the prime factors of 13 - (r - 3 - -1)?
13
List the prime factors of (22 - -1)*-2*-1.
2, 23
Let r be (24 - 2) + -1 + -1. Let w = 1 - -12. Let b = r - w. List the prime factors of b.
7
Suppose -4*q + 37 - 2 = 5*a, 2*q = -a + 1. Suppose 0 = 5*d - a - 104. List the prime factors of d.
23
Let m(b) = b**3 - 9*b**2 + 2. Let k be m(9). Suppose 0 = k*o + o - 6. Suppose -2*u + 2 = o*s, -5*u = -0 + 5. List the prime factors of s.
2
Let i = 1 - 1. Suppose 5*j + 5*y = -i*y + 15, -2*y = -j + 6. Suppose 5 = 4*n - r - 2, -3 = -j*n + 5*r. List the prime factors of n.
2
Let m(z) = -z**3 + 9*z**2 + 3. Let b be m(7). Suppose -3*v + b = 20. List the prime factors of v.
3
Suppose 4*k = -4*k + 264. What are the prime factors of k?
3, 11
Let l(g) = 8*g**2 - 2*g - 2. Let h be l(-3). Suppose 4*j = -2*v - j + h, -3*j = 5*v - 209. What are the prime factors of v?
43
List the prime factors of (-520)/12*(-9)/2.
3, 5, 13
Suppose 2*j - 123 = -j. List the prime factors of j.
41
Let m be (-33)/(-3) - (0 - 0). Let k(r) = r**2 - 10*r + 9. What are the prime factors of k(m)?
2, 5
Let p(j) = 4*j**3 - 2*j**2 + j. Let y = 4 - 3. Let n be 1 - -2 - y - 1. List the prime factors of p(n).
3
Let p(r) = -3*r + 6. Let i be p(5). Let d(h) = -h**2 - 9*h + 4. Let l be d(i). Suppose 3*j = l*a - 12, 5*a - 3*j + 0 - 15 = 0. List the prime factors of a.
3
Let g(c) = 